= -113 + 61. Let p = -44 - v. Calculate the remainder when 10 is divided by p.
2
Let y(k) = -2*k + 18. Let b be y(7). Suppose -4*j - 2*r = -112, -2*j + 0*r = -b*r - 66. Calculate the remainder when j is divided by 8.
5
Let m = -12 - -38. Let a(q) = q**2 + q - 3. Calculate the remainder when m is divided by a(3).
8
Let i(p) = 3*p**2 - 3*p + 10. Suppose -2*x - x + 81 = 0. Calculate the remainder when x is divided by i(0).
7
Suppose -48 = -3*g + 4*z - 2*z, -2*g = 3*z - 32. What is the remainder when 299 is divided by g?
11
Suppose 12 + 0 = i. Let l(z) = z**3 - 13*z**2 + 12*z. Let h be l(i). Suppose g - 2*g + 5 = h. Calculate the remainder when g is divided by 2.
1
Suppose -73 + 16 = -3*k. Let l = -65 - -119. Calculate the remainder when l is divided by k.
16
Suppose 0 = 4*j - 20, -4*b + 55 = b - j. What is the remainder when 56 is divided by b?
8
Let b = 10 - 10. Suppose -3*h - 4*f - 7 - 5 = b, -28 = 2*h - 4*f. Let m = h - -11. What is the remainder when 8 is divided by m?
2
Suppose 0*x + 6 = 3*x. Suppose 0 = -2*z + 6 + 2. Suppose z*a + 2 = 30. Calculate the remainder when a is divided by x.
1
Let n be (31 + -2)/(1/(-1 - -2)). Suppose u = -2*h + 17, 5*h - n = -u + 18. Calculate the remainder when 46 is divided by h.
6
Let y = 8 + -4. What is the remainder when 43 is divided by y?
3
Suppose -3*q - 6 + 150 = 0. Suppose -5*o + 2*l + 75 = 0, -4*o + 2*l - 34 = -92. What is the remainder when q is divided by o?
14
Suppose -z + 291 = 2*l, 144*z - 145*z = -3. Let v = -67 + 104. What is the remainder when l is divided by v?
33
Suppose -w - 2*m + 82 = 33, m = 3*w - 175. What is the remainder when 223 is divided by w?
52
Let i(l) = -162*l + 90*l + 81*l + 39. Calculate the remainder when 190 is divided by i(0).
34
Let a(r) = -r + 22. Let l be a(12). Suppose -5*d + l*d - 175 = 0. Calculate the remainder when d is divided by 18.
17
Let w be 1/1*(6 + -5)*-4. What is the remainder when 40 is divided by (3 - (-4)/w) + 19?
19
Suppose -4*t + 4*m + 288 = 0, -3*t - 5*m = -107 - 109. Suppose -t = -y - 2. What is the remainder when y is divided by (-7)/(14/(-36))*1?
16
Let i be (-4)/8*-2410 - 3. Suppose 10*o - 58 - i = 0. Calculate the remainder when o is divided by 32.
30
Suppose 4*k - 12 = 2*f, 0 = -4*f - 5*k - 0*k + 41. Suppose 16 = -f*j, 140 = 5*g - 5*j - 5. What is the remainder when 73 is divided by g?
23
Let k = -511 + 532. What is the remainder when 134 is divided by k?
8
Suppose 3 = 2*q - 5. Suppose 17 - 25 = -q*j. Let a = 4 + 1. What is the remainder when a is divided by j?
1
Let z(b) = -6*b + 0*b + 3*b - 12 - 3*b. Calculate the remainder when 46 is divided by z(-6).
22
Let m be ((-96)/(-20) + -4)*-20 - 2. Suppose 5*v - 4*z = v - 8, v - 4*z + 11 = 0. Let l = v - m. Calculate the remainder when l is divided by 6.
1
Suppose 9 = g + 3*l, -2*g - 4*l + 9*l = 15. Let m = 2 + g. Suppose -3*r + 21 = -2*r - m*k, 2*r + 3*k = 14. What is the remainder when 51 is divided by r?
12
Let m(y) = y**3 + 4*y**2 + y - 4. Let w be m(-3). Calculate the remainder when w*(0 - 43/(-2)) is divided by 11.
10
Let d(n) = -3*n + 44. Let g be d(12). Suppose g + 27 = v. Calculate the remainder when (0 - 278/4)*-2 is divided by v.
34
Calculate the remainder when 94 is divided by 23 + -8 + 2 + -5.
10
Suppose -1789 = -9*z + 4*z + 4*t, 734 = 2*z + 3*t. What is the remainder when z is divided by 59?
7
Calculate the remainder when (-1116)/(-4) + (-8)/4 is divided by 28.
25
Suppose 353 = 4*w + y, 3*y + 0*y - 80 = -w. What is the remainder when w is divided by 23?
20
Let a(z) = z**3 + 24*z**2 + 2*z + 71. Let q(w) = -w**3 - 3*w**2 - 2*w. What is the remainder when a(-24) is divided by q(-3)?
5
Let b = 12 + -9. Let a be b/2 + 720/(-32). Calculate the remainder when (8/4 + -3)*a is divided by 6.
3
Let v = -59 - -123. Calculate the remainder when 6 is divided by (-4 + v/20)/(6/(-15)).
0
Let d(w) = -w**2 + 15*w + 7. Suppose 4*o = x - 4 + 1, 2*x - o = 27. What is the remainder when d(12) is divided by x?
13
Let q(m) = 34*m**2 - 11 - m**3 + 3 - 7 - 15*m - 21*m**2. What is the remainder when q(11) is divided by 33?
29
Suppose -2*s + 3 + 123 = 0. What is the remainder when s is divided by 24 - (1 + 0) - 1?
19
Suppose 20*d - 19*d + 76 = 3*o, -8 = 2*d. What is the remainder when o is divided by 13?
11
Let j = -11 - -14. Suppose -j*i = -6, -v - 40 = -2*v + 5*i. Let a = v + -36. What is the remainder when 26 is divided by a?
12
Let j = 2415 - 2363. Calculate the remainder when 103 is divided by j.
51
Let u = 257 - 247. Suppose -y - y = -70. What is the remainder when y is divided by u?
5
Let v(y) = 4*y - 54. Calculate the remainder when v(24) is divided by 13.
3
Let z(g) = -19*g - 7. Calculate the remainder when z(-3) is divided by 19.
12
Calculate the remainder when 153 is divided by 4/((-80)/(-60)*3/12).
9
Let h = -5526 + 5540. What is the remainder when -15*(52/6)/(-2) is divided by h?
9
Let y(a) = 2*a**2 + 79*a - 684. What is the remainder when 221 is divided by y(8)?
69
Suppose 4*s = 3*t - 25, 0 = -4*t + 2*t - 2*s + 26. Let j be 126/12*(-8)/3. Let b = -24 - j. What is the remainder when t is divided by b?
3
Calculate the remainder when (40/60)/(2/93) is divided by (-1)/((6/(-22))/3).
9
Suppose 15*p + 757 = 4672. Calculate the remainder when p is divided by 69.
54
Suppose -26*q + 5*s = -23*q - 256, 3*s + 345 = 4*q. What is the remainder when 433 is divided by q?
85
Let m(v) = -v**3 + 2*v + 46. Let d be m(0). Suppose -6*t - d = -610. Let f = -56 + t. What is the remainder when f is divided by 10?
8
Let o(j) = j**3 - 6*j**2 - 9*j + 3. Suppose 120 = -0*d + 2*d. Suppose d = 3*p + p. What is the remainder when o(8) is divided by p?
14
Suppose 4*f + 20 = 0, 3*h + 4*f = 2*f + 35. Let q be (0 - 1)*-1 - 15. Let i = q + 23. What is the remainder when h is divided by i?
6
Let f(z) = -z**3 - 5*z**2 - 7*z - 5. Let v be 1/4*(-8)/(-2). Suppose v + 7 = j. Calculate the remainder when f(-5) is divided by j.
6
Let i(h) = 37*h**2 - 2*h + 3. Calculate the remainder when i(1) is divided by 33.
5
Let a(x) = -49*x + 5. Let o(g) = -g**3 + 7*g**2 + 12*g - 3. What is the remainder when a(-1) is divided by o(8)?
25
Let p(q) = -q**3 + 6. Let x(o) = -o + 14. Suppose -j - 3*j + 50 = 3*s, 24 = j - 5*s. Let l be x(j). What is the remainder when 11 is divided by p(l)?
5
Suppose -90 = -2*p + 12*f - 8*f, 0 = -p - 5*f + 31. Calculate the remainder when 169 is divided by p.
5
Let k = -24 + 132. Let d(v) = -v**3 - 22*v**2 + 22*v - 1. What is the remainder when k is divided by d(-23)?
20
Let f = -4 - -58. Let r = -786 + 561. Calculate the remainder when f is divided by r/(-12) - 1/(-4).
16
Suppose o - 3 = 1. Suppose -3*d - 2*w + 47 = 0, 2*d + 6 = 4*d - 5*w. What is the remainder when d is divided by o?
1
Let r(z) = -2*z - 17. Let q(c) = 5*c + 33. Let n(g) = -3*q(g) - 5*r(g). What is the remainder when 122 is divided by n(-9)?
29
Let x = -85 + 13. Let v = x + 103. Calculate the remainder when v is divided by 18.
13
Calculate the remainder when 102 is divided by (-368)/(-24)*(-4 - -1)*-1.
10
Let r be 2705/(-35) + (-2)/(-7). Let n = 120 + r. Suppose -5*h + 2*h - 5*m = -n, 5*h - 2*m - 20 = 0. Calculate the remainder when 21 is divided by h.
3
Calculate the remainder when 135 is divided by 18 - 5/(-5) - (4 + -8).
20
Let i = 1 - -38. Suppose -5*n = -4*n - 3. Calculate the remainder when i is divided by (34/2 - n)/1.
11
Suppose 2*h = -13 + 59. Let d = -88 - -93. Calculate the remainder when h is divided by d.
3
Let c = -21 - 99. Let t = 127 + c. What is the remainder when 61 is divided by t?
5
Let b(f) = -f**3 + 13*f**2 + 12*f - 70. What is the remainder when b(13) is divided by 15?
11
Let b be ((-4)/(-3) + -2)*(5 + -8). Suppose -b*z = -3*z + 20. Let c = -38 + 76. What is the remainder when c is divided by z?
18
Suppose 5*n - 811 = 2*j, -4*n - 2*j + 327 + 311 = 0. Calculate the remainder when n is divided by 33.
29
Suppose 0 = 2*m - 0 - 38. Suppose 5*i - 26 = h, -1 + 0 = h. Suppose 4*w = q + q + 36, i*w - 3*q = 43. What is the remainder when m is divided by w?
8
Let f = 17 + 47. Calculate the remainder when f is divided by 22.
20
Suppose -4*q - q + 47 = 2*m, 28 = 4*q + 4*m. What is the remainder when 62 is divided by q?
7
Let y = 1139 + -1120. What is the remainder when 2*37 + 0/(-1) is divided by y?
17
Let t(i) = 5*i**2 + i - 3. Let v be t(-3). L